{"id":56,"date":"2024-07-14T21:17:16","date_gmt":"2024-07-14T19:17:16","guid":{"rendered":"https:\/\/xn--coeurdesoi-qbb.com\/?page_id=56"},"modified":"2025-04-23T14:24:45","modified_gmt":"2025-04-23T12:24:45","slug":"planning","status":"publish","type":"page","link":"https:\/\/xn--coeurdesoi-qbb.com\/index.php\/planning\/","title":{"rendered":"R\u00e9servation"},"content":{"rendered":"\n<p class=\"has-text-align-center\">Uniquement les WEEK-END ! Prise de RDV au 06 21 45 49 77<\/p>\n\n\n\n<p class=\"has-text-align-center\">Prestations le samedi de 09h \u00e0 13h &#8211; 14h \u00e0 19h &amp; le dimanche de 10h \u00e0 13h &#8211; 14h \u00e0 17h. <\/p>\n\n\n\n<p class=\"has-text-align-center\">Aur\u00e9lie Bien-Etre &#8211; Masso-naturopathe &amp; R\u00e9flexologue<br>Espace bien-\u00eatre UNDULA<br>64 chemin de Belb\u00e8ze 31240 SAINT-JEAN<\/p>\n\n\n\n<h4 class=\"wp-block-heading has-text-align-center\">Formulaire de contact<\/h4>\n\n\n<div class=\"wpforms-container wpforms-container-full wpforms-block wpforms-block-015fa394-4130-4a6a-b0cd-a0ac72a7e9a4 wpforms-render-modern\" id=\"wpforms-615\"><form id=\"wpforms-form-615\" class=\"wpforms-validate wpforms-form wpforms-ajax-form\" data-formid=\"615\" method=\"post\" enctype=\"multipart\/form-data\" action=\"\/index.php\/wp-json\/wp\/v2\/pages\/56\" data-token=\"dcf30abcd764cf5b838de3077802c3db\" data-token-time=\"1776378557\"><noscript class=\"wpforms-error-noscript\">Veuillez activer JavaScript dans votre navigateur pour remplir ce formulaire.<\/noscript><div class=\"wpforms-hidden\" id=\"wpforms-error-noscript\">Veuillez activer JavaScript dans votre navigateur pour remplir ce formulaire.<\/div><div class=\"wpforms-field-container\"><div id=\"wpforms-615-field_1-container\" class=\"wpforms-field wpforms-field-name\" data-field-id=\"1\"><fieldset><legend class=\"wpforms-field-label\">Nom <span class=\"wpforms-required-label\" aria-hidden=\"true\">*<\/span><\/legend><div class=\"wpforms-field-row wpforms-field-medium\"><div class=\"wpforms-field-row-block wpforms-first wpforms-one-half\"><input type=\"text\" id=\"wpforms-615-field_1\" class=\"wpforms-field-name-first wpforms-field-required\" name=\"wpforms[fields][1][first]\" aria-errormessage=\"wpforms-615-field_1-error\" required><label for=\"wpforms-615-field_1\" class=\"wpforms-field-sublabel after\">Pr\u00e9nom<\/label><\/div><div class=\"wpforms-field-row-block wpforms-one-half\"><input type=\"text\" id=\"wpforms-615-field_1-last\" class=\"wpforms-field-name-last wpforms-field-required\" name=\"wpforms[fields][1][last]\" aria-errormessage=\"wpforms-615-field_1-last-error\" required><label for=\"wpforms-615-field_1-last\" class=\"wpforms-field-sublabel after\">Nom<\/label><\/div><\/div><\/fieldset><\/div><div id=\"wpforms-615-field_2-container\" class=\"wpforms-field wpforms-field-email\" data-field-id=\"2\"><label class=\"wpforms-field-label\" for=\"wpforms-615-field_2\">E-mail <span class=\"wpforms-required-label\" aria-hidden=\"true\">*<\/span><\/label><input type=\"email\" id=\"wpforms-615-field_2\" class=\"wpforms-field-medium wpforms-field-required\" name=\"wpforms[fields][2]\" spellcheck=\"false\" aria-errormessage=\"wpforms-615-field_2-error\" required><\/div><div id=\"wpforms-615-field_4-container\" class=\"wpforms-field wpforms-field-text\" data-field-id=\"4\"><label class=\"wpforms-field-label\" for=\"wpforms-615-field_4\">T\u00e9l\u00e9phone <span class=\"wpforms-required-label\" aria-hidden=\"true\">*<\/span><\/label><input type=\"text\" id=\"wpforms-615-field_4\" class=\"wpforms-field-small wpforms-field-required wpforms-limit-characters-enabled\" data-form-id=\"615\" data-field-id=\"4\" data-text-limit=\"12\" name=\"wpforms[fields][4]\" aria-errormessage=\"wpforms-615-field_4-error\" maxlength=\"12\" required><\/div><div id=\"wpforms-615-field_3-container\" class=\"wpforms-field wpforms-field-textarea\" data-field-id=\"3\"><label class=\"wpforms-field-label\" for=\"wpforms-615-field_3\">Commentaire de contact et de r\u00e9servation <span class=\"wpforms-required-label\" aria-hidden=\"true\">*<\/span><\/label><textarea id=\"wpforms-615-field_3\" class=\"wpforms-field-medium wpforms-field-required\" name=\"wpforms[fields][3]\" aria-errormessage=\"wpforms-615-field_3-error\" required><\/textarea><\/div><\/div><!-- .wpforms-field-container --><div class=\"wpforms-submit-container\" ><input type=\"hidden\" name=\"wpforms[id]\" value=\"615\"><input type=\"hidden\" name=\"page_title\" value=\"\"><input type=\"hidden\" name=\"page_url\" value=\"https:\/\/xn--coeurdesoi-qbb.com\/index.php\/wp-json\/wp\/v2\/pages\/56\"><input type=\"hidden\" name=\"url_referer\" value=\"\"><button type=\"submit\" name=\"wpforms[submit]\" id=\"wpforms-submit-615\" class=\"wpforms-submit\" data-alt-text=\"Envoi...\" data-submit-text=\"Envoyer\" aria-live=\"assertive\" value=\"wpforms-submit\">Envoyer<\/button><img loading=\"lazy\" decoding=\"async\" src=\"https:\/\/xn--coeurdesoi-qbb.com\/wp-content\/plugins\/wpforms-lite\/assets\/images\/submit-spin.svg\" class=\"wpforms-submit-spinner\" style=\"display: none;\" width=\"26\" height=\"26\" alt=\"Chargement en cours\"><\/div><\/form><\/div>  <!-- .wpforms-container -->\n\n<div class=\"wp-block-image\">\n<figure class=\"aligncenter size-large is-resized\"><img loading=\"lazy\" decoding=\"async\" width=\"1024\" height=\"683\" src=\"http:\/\/xn--coeurdesoi-qbb.com\/wp-content\/uploads\/2025\/04\/o-coeur-de-soi-institut-undula2-1024x683.jpg\" alt=\"\" class=\"wp-image-402\" style=\"width:698px;height:auto\" srcset=\"https:\/\/xn--coeurdesoi-qbb.com\/wp-content\/uploads\/2025\/04\/o-coeur-de-soi-institut-undula2-1024x683.jpg 1024w, https:\/\/xn--coeurdesoi-qbb.com\/wp-content\/uploads\/2025\/04\/o-coeur-de-soi-institut-undula2-300x200.jpg 300w, https:\/\/xn--coeurdesoi-qbb.com\/wp-content\/uploads\/2025\/04\/o-coeur-de-soi-institut-undula2-768x512.jpg 768w, https:\/\/xn--coeurdesoi-qbb.com\/wp-content\/uploads\/2025\/04\/o-coeur-de-soi-institut-undula2.jpg 1536w\" sizes=\"auto, (max-width: 1024px) 100vw, 1024px\" \/><\/figure><\/div>\n\n\n<p><\/p>\n\n\n\n<p class=\"has-text-align-center\">Qr code du site <a href=\"https:\/\/\u00f4coeurdesoi.com\">https:\/\/\u00f4coeurdesoi.com<\/a><\/p>\n\n\n<div class=\"wp-block-image\">\n<figure class=\"aligncenter size-full is-resized\"><img loading=\"lazy\" decoding=\"async\" width=\"300\" height=\"373\" src=\"http:\/\/xn--coeurdesoi-qbb.com\/wp-content\/uploads\/2025\/02\/qrcodeocoeurdesoi.png\" alt=\"\" class=\"wp-image-224\" style=\"width:200px\" srcset=\"https:\/\/xn--coeurdesoi-qbb.com\/wp-content\/uploads\/2025\/02\/qrcodeocoeurdesoi.png 300w, https:\/\/xn--coeurdesoi-qbb.com\/wp-content\/uploads\/2025\/02\/qrcodeocoeurdesoi-241x300.png 241w\" sizes=\"auto, (max-width: 300px) 100vw, 300px\" \/><\/figure><\/div>","protected":false},"excerpt":{"rendered":"<p>Uniquement les WEEK-END ! Prise de RDV au 06 21 45 49 77 Prestations le samedi de 09h \u00e0 13h &#8211; 14h \u00e0 19h &amp; le dimanche de 10h \u00e0 13h &#8211; 14h \u00e0 17h. Aur\u00e9lie Bien-Etre &#8211; Masso-naturopathe &amp; R\u00e9flexologueEspace bien-\u00eatre UNDULA64 chemin de Belb\u00e8ze 31240 SAINT-JEAN Formulaire de contact Qr code du site &hellip; <\/p>\n","protected":false},"author":1,"featured_media":0,"parent":0,"menu_order":0,"comment_status":"closed","ping_status":"closed","template":"","meta":{"footnotes":""},"class_list":["post-56","page","type-page","status-publish","hentry"],"_links":{"self":[{"href":"https:\/\/xn--coeurdesoi-qbb.com\/index.php\/wp-json\/wp\/v2\/pages\/56","targetHints":{"allow":["GET"]}}],"collection":[{"href":"https:\/\/xn--coeurdesoi-qbb.com\/index.php\/wp-json\/wp\/v2\/pages"}],"about":[{"href":"https:\/\/xn--coeurdesoi-qbb.com\/index.php\/wp-json\/wp\/v2\/types\/page"}],"author":[{"embeddable":true,"href":"https:\/\/xn--coeurdesoi-qbb.com\/index.php\/wp-json\/wp\/v2\/users\/1"}],"replies":[{"embeddable":true,"href":"https:\/\/xn--coeurdesoi-qbb.com\/index.php\/wp-json\/wp\/v2\/comments?post=56"}],"version-history":[{"count":23,"href":"https:\/\/xn--coeurdesoi-qbb.com\/index.php\/wp-json\/wp\/v2\/pages\/56\/revisions"}],"predecessor-version":[{"id":624,"href":"https:\/\/xn--coeurdesoi-qbb.com\/index.php\/wp-json\/wp\/v2\/pages\/56\/revisions\/624"}],"wp:attachment":[{"href":"https:\/\/xn--coeurdesoi-qbb.com\/index.php\/wp-json\/wp\/v2\/media?parent=56"}],"curies":[{"name":"wp","href":"https:\/\/api.w.org\/{rel}","templated":true}]}}