{"id":717,"date":"2025-04-27T14:30:17","date_gmt":"2025-04-27T12:30:17","guid":{"rendered":"https:\/\/xn--coeurdesoi-qbb.com\/?page_id=717"},"modified":"2025-04-27T14:31:13","modified_gmt":"2025-04-27T12:31:13","slug":"soin-n4-detente-du-ventre","status":"publish","type":"page","link":"https:\/\/xn--coeurdesoi-qbb.com\/index.php\/soin-n4-detente-du-ventre\/","title":{"rendered":"SOIN n\u00b04 : D\u00e9tente du ventre"},"content":{"rendered":"\n<h5 class=\"wp-block-heading\">\u00catre le nombril du monde le temps du soin&nbsp;!<\/h5>\n\n\n\n<div class=\"wp-block-media-text is-stacked-on-mobile\" style=\"grid-template-columns:35% auto\"><figure class=\"wp-block-media-text__media\"><img loading=\"lazy\" decoding=\"async\" width=\"500\" height=\"333\" src=\"http:\/\/xn--coeurdesoi-qbb.com\/wp-content\/uploads\/slider2\/massage_ventre.png\" alt=\"\" class=\"wp-image-428 size-full\" srcset=\"https:\/\/xn--coeurdesoi-qbb.com\/wp-content\/uploads\/slider2\/massage_ventre.png 500w, https:\/\/xn--coeurdesoi-qbb.com\/wp-content\/uploads\/slider2\/massage_ventre-300x200.png 300w\" sizes=\"auto, (max-width: 500px) 100vw, 500px\" \/><\/figure><div class=\"wp-block-media-text__content\">\n<p>Ce protocole du ventre <strong>CHI NEI TSANG <\/strong>est issu des m\u00e9thodes ancestrales asiatiques et vous apportera relaxation et d\u00e9tente<\/p>\n\n\n\n<p><strong>Description du soin : <\/strong>Le Chi Nei Tsang est un<strong>e technique de massage <\/strong>centr\u00e9e uniquement autour du <strong>ventre<\/strong>. Mais bien plus qu\u2019un simple<strong> massage traditionnel<\/strong>, qui agit directement sur les<strong> organes internes.<\/strong><\/p>\n<\/div><\/div>\n\n\n\n<p><\/p>\n\n\n\n<p>En<strong> m\u00e9decine chinoise<\/strong>, le ventre est consid\u00e9r\u00e9 comme le <strong>deuxi\u00e8me cerveau<\/strong>. C\u2019est dans notre estomac, notre rate, notre <strong>pancr\u00e9as<\/strong>, notre <strong>foie<\/strong> et nos <strong>reins<\/strong> que nous stockons toutes les <strong>\u00e9motions refoul\u00e9es<\/strong>, qu\u2019elles soient positives ou n\u00e9gatives.<\/p>\n\n\n\n<p id=\"block-b0e6c416-8218-4949-8826-7de9649d5f48\">C\u2019est d\u2019ailleurs pour cette raison que nous avons \u201c<em>l\u2019estomac nou\u00e9\u201d<\/em>, \u201c<em>l\u2019estomac dans les talons<\/em>\u201d, \u201c<em>des papillons dans le ventre<\/em>\u201d\u2026 Le Chi Nei Tsang, d\u00e9riv\u00e9 du <strong>Qi Gong,<\/strong> entend lib\u00e9rer ces <strong>\u00e9motions<\/strong> et aider le corps dans une <strong>harmonie<\/strong> nouvelle.<\/p>\n\n\n\n<p id=\"block-49907ac8-60fb-41b1-910c-7248fc55b109\">C\u2019est un massage aux nombreux <strong>bienfaits<\/strong>, qui poss\u00e8de un impact tant <strong>psychologique<\/strong> que <strong>physique<\/strong>. Une d\u00e9tente, un rel\u00e2chement et un apaisement de l\u2019esprit : les avantages du Chi Nei Tsang sont aussi nombreux que vari\u00e9s ! Temana vous explique tout sur la question.<\/p>\n\n\n\n<h3 class=\"wp-block-heading\" id=\"block-45e4b429-ae0e-45f0-8812-3c9a9a68afbf\">Qu\u2019est-ce que le Chi Nei Tsang ?<\/h3>\n\n\n\n<p>Tout d\u2019abord, le Chi Nei Tsang est une <strong>pratique holistique<\/strong>. Elle consid\u00e8re donc que tous les ph\u00e9nom\u00e8nes individuels font partie d\u2019un tout. En l\u2019occurrence, <strong>tensions physiques et \u00e9motionnelles<\/strong> sont per\u00e7ues comme \u00e9troitement li\u00e9es.<br>L\u2019int\u00e9r\u00eat du Chi Nei Tsang est de lib\u00e9rer ces <strong>blocages<\/strong> par le biais d\u2019un massage physique, qui aide les \u00e9motions \u00e0 se rel\u00e2cher.<\/p>\n\n\n\n<h3 class=\"wp-block-heading\">C&rsquo;est la lib\u00e9ration des \u00e9motions bloqu\u00e9es<\/h3>\n\n\n\n<p>Il s\u2019agit de l\u2019un des bienfaits du Chi Nei Tsang les plus marqu\u00e9s. Notre ventre est le si\u00e8ge de nos <strong>\u00e9motions<\/strong>. Selon les <strong>tao\u00efstes<\/strong>, chaque organe est li\u00e9 \u00e0 une \u00e9motion : la col\u00e8re au foie, la peur aux reins\u2026<\/p>\n\n\n\n<p>Par le biais d\u2019un <strong>massage Chi Nei Tsang,<\/strong> vous pouvez aider ces \u00e9motions \u00e0 se lib\u00e9rer. Ce sont des \u00e9motions ressenties par le pass\u00e9, mais qui n\u2019ont pas eu l\u2019occasion d\u2019\u00eatre \u00e9vacu\u00e9es ou \u201c<em>dig\u00e9r\u00e9es<\/em>\u201d.<\/p>\n\n\n\n<p>C\u2019est pour cette raison que le Chi Nei Tsang est un <strong>massage dynamique<\/strong> : l\u2019id\u00e9e est de r\u00e9veiller les \u00e9motions et de les <strong>stimuler<\/strong> pour qu\u2019elles s\u2019\u00e9vacuent.<\/p>\n\n\n\n<p>Il n\u2019est d\u2019ailleurs pas rare que, pendant une <strong>s\u00e9ance de Chi Nei Tsang,<\/strong> les patients rient ou pleurent. Ce massage permet une<strong> lib\u00e9ration d\u2019\u00e9motions<\/strong> parfois tr\u00e8s fortes.<\/p>\n\n\n\n<h3 class=\"wp-block-heading\">C&rsquo;est le nettoyage d\u00e9toxifiant des organes internes<\/h3>\n\n\n\n<p>Concr\u00e8tement, ce massage dynamique a comme effet de fluidifier la<strong> circulation du sang <\/strong>dans le corps. La lib\u00e9ration de nombreux blocages permet \u00e0 <strong>l\u2019\u00e9nergie vitale<\/strong> de mieux circuler entre les organes, mais c\u2019est \u00e9galement le cas pour le <strong>sang<\/strong> et les <strong>nutriments<\/strong>.<\/p>\n\n\n\n<p>Le fait de stimuler directement la <strong>zone abdominale <\/strong>permet aux organes internes de mieux faire leur travail.<\/p>\n\n\n\n<p>Et c\u2019est surtout le cas des <strong>intestins<\/strong>, dont le r\u00f4le est de lib\u00e9rer les <strong>d\u00e9chets <\/strong>produits par le corps. Par des pressions savantes sur les diff\u00e9rents organes internes, les <strong>syst\u00e8mes vitaux<\/strong> sont stimul\u00e9s et travaillent de mani\u00e8re plus efficace pour une \u00e9vacuation dynamique des d\u00e9chets.<\/p>\n\n\n\n<p>Une stimulation qui peut par ailleurs r\u00e9gler de nombreuses probl\u00e9matiques <strong>physiques<\/strong>, notamment en termes de<strong> douleurs abdominales<\/strong> ou de <strong>gaz<\/strong>.<\/p>\n\n\n\n<h3 class=\"wp-block-heading\">C&rsquo;est L\u2019harmonisation du corps<\/h3>\n\n\n\n<p>Le Chi Nei Tsang est un <strong>massage de d\u00e9tente<\/strong>. Gr\u00e2ce \u00e0 des techniques sp\u00e9cifiques, il entra\u00eene un rel\u00e2chement profond des<strong> muscles et des tissus<\/strong>. Cela permet au corps de ne pas gaspiller d\u2019\u00e9nergie pour faire ce <strong>travail de d\u00e9tente <\/strong>par lui-m\u00eame.<\/p>\n\n\n\n<p>Ce massage est un v\u00e9ritable <strong>cercle vertueux<\/strong> qui a un impact sur la <strong>psych\u00e9e<\/strong> et sur le <strong>physique<\/strong>. Mass\u00e9s, vos organes travaillent mieux et \u00e9vacuent efficacement les tensions et les <strong>crampes<\/strong>. Vos \u00e9motions bloqu\u00e9es sont quant \u00e0 elles lib\u00e9r\u00e9es, entra\u00eenant une sensation de pl\u00e9nitude et <strong>d\u2019apaisement<\/strong> tr\u00e8s agr\u00e9able.<\/p>\n\n\n\n<p>Tout simplement parce qu\u2019\u00e0 l\u2019issue de cette s\u00e9ance, corps et esprit sont nettoy\u00e9s et peuvent travailler de concert, sans obstacle.<\/p>\n\n\n\n<h3 class=\"wp-block-heading\">C&rsquo;est le boost d\u2019une \u00e9nergie nouvelle<\/h3>\n\n\n\n<p>Le Chi Nei Tsang est centr\u00e9 autour d\u2019un objectif : la<strong> lib\u00e9ration des blocages<\/strong>. Nous avons \u00e9voqu\u00e9 les<strong> tensions intestinales<\/strong> et au niveau des <strong>visc\u00e8res<\/strong>, mais ce massage va encore plus loin.<\/p>\n\n\n\n<p>Tensions dans les <strong>\u00e9paules<\/strong>, le <strong>cou<\/strong>, le <strong>dos<\/strong>, les <strong>jambes<\/strong> et les <strong>pieds<\/strong> trouvent parfois leur origine dans nos intestins ou notre estomac. C\u2019est la<strong> vision holistique du Chi Nei Tsang<\/strong> qui lui permet d\u2019appr\u00e9hender cette connexion entre les diff\u00e9rentes parties de notre corps.<\/p>\n\n\n\n<p>Le fait de lib\u00e9rer<strong> tensions et \u00e9motions <\/strong>bloqu\u00e9es dans les visc\u00e8res permet une d\u00e9contraction totale du corps. Ce qui entra\u00eene une d\u00e9tente des<strong> probl\u00e8mes posturaux<\/strong>, et donc des <strong>contractions musculaires<\/strong> douloureuses.<\/p>\n\n\n\n<p>Et sans ces tensions dans vos muscles et vos organes, votre corps a tout un stock d\u2019\u00e9nergie \u00e0 revendre !<\/p>\n\n\n\n<div class=\"wp-block-buttons is-content-justification-center is-layout-flex wp-container-core-buttons-is-layout-16018d1d wp-block-buttons-is-layout-flex\">\n<div class=\"wp-block-button is-style-fill\"><a class=\"wp-block-button__link has-white-color has-text-color has-background has-link-color has-medium-font-size has-custom-font-size wp-element-button\" href=\"https:\/\/xn--coeurdesoi-qbb.com\/index.php\/formules-massages\/\" style=\"background:linear-gradient(158deg,rgb(242,235,235) 0%,rgb(17,237,200) 100%)\"><strong>Retour aux soins massage<\/strong><\/a><\/div>\n<\/div>\n","protected":false},"excerpt":{"rendered":"<p>\u00catre le nombril du monde le temps du soin&nbsp;! Ce protocole du ventre CHI NEI TSANG est issu des m\u00e9thodes ancestrales asiatiques et vous apportera relaxation et d\u00e9tente Description du soin : Le Chi Nei Tsang est une technique de massage centr\u00e9e uniquement autour du ventre. Mais bien plus qu\u2019un simple massage traditionnel, qui agit &hellip; <\/p>\n","protected":false},"author":1,"featured_media":0,"parent":0,"menu_order":0,"comment_status":"closed","ping_status":"closed","template":"","meta":{"footnotes":""},"class_list":["post-717","page","type-page","status-publish","hentry"],"_links":{"self":[{"href":"https:\/\/xn--coeurdesoi-qbb.com\/index.php\/wp-json\/wp\/v2\/pages\/717","targetHints":{"allow":["GET"]}}],"collection":[{"href":"https:\/\/xn--coeurdesoi-qbb.com\/index.php\/wp-json\/wp\/v2\/pages"}],"about":[{"href":"https:\/\/xn--coeurdesoi-qbb.com\/index.php\/wp-json\/wp\/v2\/types\/page"}],"author":[{"embeddable":true,"href":"https:\/\/xn--coeurdesoi-qbb.com\/index.php\/wp-json\/wp\/v2\/users\/1"}],"replies":[{"embeddable":true,"href":"https:\/\/xn--coeurdesoi-qbb.com\/index.php\/wp-json\/wp\/v2\/comments?post=717"}],"version-history":[{"count":2,"href":"https:\/\/xn--coeurdesoi-qbb.com\/index.php\/wp-json\/wp\/v2\/pages\/717\/revisions"}],"predecessor-version":[{"id":720,"href":"https:\/\/xn--coeurdesoi-qbb.com\/index.php\/wp-json\/wp\/v2\/pages\/717\/revisions\/720"}],"wp:attachment":[{"href":"https:\/\/xn--coeurdesoi-qbb.com\/index.php\/wp-json\/wp\/v2\/media?parent=717"}],"curies":[{"name":"wp","href":"https:\/\/api.w.org\/{rel}","templated":true}]}}